 third derivative of -m**4/8 - m**3/2 + 10*m**2. What are the prime factors of p(i)?
2, 3
Let c(w) be the first derivative of w**5/60 + w**4/24 - w**3/2 + 3*w**2/2 - 1. Let i(l) be the second derivative of c(l). List the prime factors of i(-3).
3
Suppose 0 = -j - 1 + 33. What are the prime factors of j?
2
Let o(t) = 2*t + 11. What are the prime factors of o(4)?
19
Suppose 5*r - 218 - 40 = y, 0 = -2*r + 5*y + 94. List the prime factors of r.
2, 13
Let p(r) = -r - 6. Let d be p(-6). Let z = d + 2. List the prime factors of (-234)/(-24) + z/8.
2, 5
Suppose -t - o + 1 + 3 = 0, 0 = t + 5*o. Let h = t + 35. Let d = h - 28. What are the prime factors of d?
2, 3
Suppose -3*u = -3*r + 474, 4*r = 8*r + 3*u - 660. List the prime factors of r.
2, 3
Suppose 5*d = 2*q + 275, 4*d + 3*q - 154 - 43 = 0. Suppose 3*p = -4*t + d, 2*p - 75 = -5*t + 7*p. List the prime factors of t.
2, 7
Suppose -3*b + 0*b = -18. Suppose 2*a + b = a - 2*q, 6 = a - 2*q. Suppose -3*r + 0*c = -5*c + 2, -2*r - c + 16 = a. List the prime factors of r.
2, 3
Let c(q) = q**2 + 7*q - 2. Let u be c(-6). Suppose -5*j + 10*j = 4*w + 15, -5*w = 2*j - 6. What are the prime factors of (j/2)/((-4)/u)?
3
Let l = 20 + -19. Let o = 9 - l. List the prime factors of o.
2
Suppose -5*f + 49 = -21. List the prime factors of f.
2, 7
Let y(g) = 6 - 2*g - 2*g**2 + 6*g**2 - 7 + 5 - g**3. Let j = 4 - 1. List the prime factors of y(j).
7
Let k(g) = -g**3 - 3*g**2 + 8*g + 6. What are the prime factors of k(-5)?
2
Suppose 2*q + 4*m = 144, 4*m - 1 = 15. List the prime factors of q/20*1*5.
2
Suppose -2*o = -18*o + 336. List the prime factors of o.
3, 7
Let p(z) be the third derivative of z**4/4 - 5*z**3/6 + z**2. What are the prime factors of p(5)?
5
What are the prime factors of 37 + ((-35)/(-5) - 4)?
2, 5
Suppose 9*m - 1141 = 2*m. List the prime factors of m.
163
Let w = 2 + 0. List the prime factors of w/(-8) - (-114)/8.
2, 7
Let i be (2*-1*2)/(-1). Let d(o) = 0 - 3*o - i + 1. List the prime factors of d(-5).
2, 3
Let w(s) = s + 6. Let m be w(-7). Let k = -1 - m. Suppose 3*i + k*z = z + 26, 42 = 5*i - z. What are the prime factors of i?
2
Suppose -i - 284 = -3*i. What are the prime factors of i?
2, 71
Suppose -10 = -2*w - 6. Suppose -4*r - m + 7 = -7, -2*r - 5*m + 16 = 0. Suppose c - 48 = -w*c + r*p, 5*p - 30 = -5*c. What are the prime factors of c?
11
Let j(w) = w - 4. Let i be j(4). Let f be 2*(-2)/(1 + 1). Let a = i - f. List the prime factors of a.
2
Let u(j) = -12*j - 6. What are the prime factors of u(-3)?
2, 3, 5
Let j = 6 + -3. Suppose 2*x - 3*p = -1, -5 + 14 = j*p. List the prime factors of x.
2
Suppose 5*f = -59 + 329. List the prime factors of f.
2, 3
Let r be 4/18 - 94/18. Let v be 111/9 + (-2)/(-3). Let d = v + r. What are the prime factors of d?
2
Let r(g) = 6*g - 7. Let c be r(2). Suppose -5*z - 5*i = -55, c*z - 15 = -0*i + 3*i. List the prime factors of z.
2, 3
Let u(y) = -2*y + 316. List the prime factors of u(0).
2, 79
Suppose 0 = -5*j + 98 + 332. List the prime factors of j.
2, 43
Let p(x) = -13*x - 10. List the prime factors of p(-2).
2
Suppose -2*g + 136 = 3*u, 5*g - 271 = 2*u + 50. List the prime factors of g.
5, 13
Let h(i) = 3*i + 14. List the prime factors of h(10).
2, 11
Let c be (-3)/(-9) - (-4)/6. What are the prime factors of (c - 0)/(3/24)?
2
Suppose 3*r - 302 = -29. What are the prime factors of r?
7, 13
Let t(f) = f**3 + 10*f**2 + 3*f + 4. What are the prime factors of t(-6)?
2, 5, 13
Suppose 4 - 12 = -4*t. Suppose 4 + 4 = t*i. Suppose -3*q + 38 = 4*p, 5*p - p = -i*q + 48. What are the prime factors of q?
2, 5
Let j = -4 + 1. What are the prime factors of (2 - -1)/j - -3?
2
Suppose -2*a = 3*r - 11, 5*r = 4*r - 3. Suppose 0 = 2*l - 26 + a. What are the prime factors of l?
2
Suppose -2*p = -6 - 0. Suppose 0*a = -a - d + p, -d - 37 = -4*a. What are the prime factors of 1/(a/(-10) + 1)?
5
Let t(d) = -d**3 - d. Let r(c) = -c**3 + 9*c**2 - 2*c + 2. Let w(x) = r(x) - 2*t(x). List the prime factors of w(-9).
2
Let a(l) = l**3 - 7*l**2 - 11. What are the prime factors of a(8)?
53
Let d = -64 - -122. List the prime factors of d.
2, 29
Suppose -5*c + 39 = 2*n, 4*c = -2*n + 3*n - 39. Let j = n - 10. What are the prime factors of j?
17
Let s(t) = t**2 - 6 + 0*t - 10*t + t. What are the prime factors of s(11)?
2
Let i(c) = 2*c**2 - 8*c - 4. Let o be i(-3). Let f = -78 - -52. Let l = o + f. List the prime factors of l.
2, 3
Suppose -5*p = -2*p. Suppose 5*g = t - p*t - 3, 0 = t + 5*g - 23. What are the prime factors of t?
13
Suppose -3*i = 5*n - 635, -8*i = -7*i. List the prime factors of n.
127
Let j(x) = -x**3 - 3*x**2 + 3*x - 1. Let u be j(2). Let h = u + 20. What are the prime factors of h?
5
Suppose 2*w + 4*r - 222 = 0, 2*w - 5*r = -4*r + 242. List the prime factors of w.
7, 17
Let n = -1 + 3. Suppose -n = z + 4*l, 0 = z - l - l - 4. Suppose -5*y + 30 + 1 = -4*t, 2*y + 2 = -z*t. What are the prime factors of y?
3
Let z = -61 - -64. What are the prime factors of z?
3
Let g be 291/(-2)*(-2)/3. Let t = g - 69. Suppose 0 = -0*z - 4*z + t. List the prime factors of z.
7
Let q = 35 - 16. Let a = -10 + q. What are the prime factors of a?
3
Suppose 3*y + 48 = 150. What are the prime factors of y?
2, 17
Suppose 0*n = -n + 2. List the prime factors of 12 - n - (-2 + 2).
2, 5
Suppose -6*y = -y - 35. Suppose 0 = y*h - 2*h + 45. Let q(b) = -b + 13. What are the prime factors of q(h)?
2, 11
Let s be (-4 + 0)*(-6)/(-8). Let w(v) = -6*v + 3. Let g be w(s). Suppose 2*q - g - 3 = 0. List the prime factors of q.
2, 3
Suppose -2*l + 5 = -0*l - h, -2*h + 6 = 0. Suppose -5*y + 0*p - 2*p + 103 = 0, -y + 17 = l*p. Let b = y - 10. List the prime factors of b.
11
Let s = 107 - 69. What are the prime factors of s?
2, 19
Suppose -3*y + 118 = -4*x, -5*x + 5 = -4*x. List the prime factors of y.
2, 23
Suppose -3*x + 6 = -0*x. Let h = 16 - -20. Suppose x*w = -w + h. What are the prime factors of w?
2, 3
Suppose 5*g - 5*h = -2*h - 2, 20 = 2*g + 4*h. Let y = g - -26. List the prime factors of y.
2, 7
Let r(c) = 106*c**2 + 3*c + 2. List the prime factors of r(-1).
3, 5, 7
Let m(y) = 66*y + 2. What are the prime factors of m(1)?
2, 17
Suppose 376 = -4*z + 8*z. List the prime factors of z.
2, 47
Let i be -2 + (4 - (-2 - -1)). List the prime factors of (90/(-6))/(i/(-4)).
2, 5
Let y(q) = -q + 7. Let w be y(7). Suppose w*l + 100 = 5*l. What are the prime factors of l?
2, 5
Suppose 0 = b - 5*r - 45, 0 = 2*b - 4*r - 17 - 55. What are the prime factors of b?
2, 3, 5
Let i = 223 - 116. What are the prime factors of i?
107
Suppose 3*c = -c + 80. Suppose 0 = 3*r + 27 + 3. Let g = r + c. List the prime factors of g.
2, 5
Let y(o) = o**2 + 2*o - 3. Let r be y(2). Let c = 1 + 1. Suppose 0 = 2*j - 4*w - 44, -r*w - 1 = c*j - 0*j. List the prime factors of j.
2, 3
Suppose 0 = t - 4*d - 126, -5*t + 613 = -0*d - 3*d. What are the prime factors of t?
2, 61
Let k(v) = -1 - 3*v - v + 14*v + v**2 + v**3 + 8*v**2. List the prime factors of k(-7).
3
What are the prime factors of ((-6)/(-9))/((-8)/(-1164))?
97
Suppose 4*o + 5 - 21 = 0. Suppose 0 = -4*l + p + 96, 0*p - p = o*l - 88. What are the prime factors of l?
23
Suppose z + 24 = 3*z. Suppose -12 - z = -2*d. What are the prime factors of d?
2, 3
Let p(t) = t**2 + 7*t - 1. Let a be p(-7). Let h be a + 1/(-1) + 4. Suppose 0 = 5*g - 20 - 5, 2*g - 32 = -h*v. What are the prime factors of v?
11
Let p(k) = -k**2 + 3*k + 1. Let d be p(6). Let s = -12 - d. Suppose s + 13 = 3*z + 3*x, -10 = -z + 3*x. What are the prime factors of z?
7
Let t(i) = -50*i - 14. What are the prime factors of t(-3)?
2, 17
Suppose 0 = -2*c + 2, -1581 = -x - 3*x - 5*c. List the prime factors of x.
2, 197
Let d(u) = -u**3 - 6*u**2 + 6*u - 3. Let z be d(-7). What are the prime factors of 29 - (z/(-4))/(-1)?
2, 7
Let k(h) = -h**2 - 6*h - 3. Let b be k(-5). List the prime factors of 8/(0 + b)*1.
2
Suppose -r - 6 = -i + r, 5*r = -i - 8. Suppose -q + 9 = -4*m, 4*q = i*m - 3*m - 32. List the prime factors of -1 + 2 + (1 - q).
3
Let x(r) be the first derivative of -r**2/2 - 3*r - 2. Let d be x(-3). Suppose -3*g + j = -11, d*g + 5*j + 17 = -4*g. List the prime factors of g.
2
Let l = -8 + 6. Let j(n) = -n**3 - 3*n**2 - 4*n - 2. Let i be j(l). Suppose -4*a + 13 + 21 = m, -80 = -5*m - i*a. List the prime factors of m.
2, 7
Suppose 3*k 